{"id":87,"date":"2015-10-12T19:48:51","date_gmt":"2015-10-12T19:48:51","guid":{"rendered":"http:\/\/www.wheelsofglory.ch\/?page_id=87"},"modified":"2020-12-17T07:58:49","modified_gmt":"2020-12-17T07:58:49","slug":"spenden","status":"publish","type":"page","link":"https:\/\/www.wheelsofglory.ch\/?page_id=87","title":{"rendered":"Spenden"},"content":{"rendered":"<p style=\"text-align: justify;\">Mit der Anmeldung beim Rikshaw Run haben wir uns als Team verpflichtet min. 1000\u00a3 (ca. CHF 1500.-) an eine wohlt\u00e4tige Organisation zu spenden.\u00a0 Wir werden wie von den Organisatoren des Rikshaw Runs empfohlen, unsere Spende an die NGO Cool Earth spenden. Diese Organisation setzt sich mit verschiedenen Projekten f\u00fcr den Erhalt des Regenwalds ein.\u00a0 Mehr Infos \u00fcber die verschiedenen Projekte findest du direkt auf der Website von Cool Earth.<\/p>\n<p><a href=\"https:\/\/www.coolearth.org\/projects\/ashaninka\/\" target=\"_blank\"><img decoding=\"async\" loading=\"lazy\" class=\"alignright\" src=\"http:\/\/www.wheelsofglory.ch\/wp-content\/uploads\/2015\/10\/coolearth_logo_lo_res-Copy-300x112.gif\" alt=\"\" width=\"300\" height=\"112\" \/><\/a><em>Wichtig ist noch zu erw\u00e4hnen, dass diese Organisation weniger als 10% der Spendengelder f\u00fcr die Adminstration verwendet!!!<\/em><\/p>\n<p>&nbsp;<\/p>\n<p><iframe loading=\"lazy\" src=\"https:\/\/player.vimeo.com\/video\/77224328?color=ff9933&amp;title=0&amp;byline=0&amp;portrait=0\" width=\"500\" height=\"281\" frameborder=\"0\" allowfullscreen=\"allowfullscreen\"><\/iframe><\/p>\n<p>&nbsp;<\/p>\n<p><strong>Damit wir die 1000\u00a3 (oder mehr) an Cool Earth spenden k\u00f6nnen, sind wir auf eure Unterst\u00fctzung angewiesen!<\/strong><\/p>\n<p>Wenn Dir das Projekt von Cool Earth zusagt und Du uns bei unserem waghalsigen und abenteuerlichen Unternehmen unterst\u00fctzen m\u00f6chtest dann sprechen wir Dir jetzt schon ein fettes DANKE aus.<\/p>\n<p>Jeder G\u00f6nner wird auf unserer Website und auf Facebook namentlich erw\u00e4hnt und verlinkt. Damit die ganze Welt sehen kann, was f\u00fcr coole Typen Ihr seid!<\/p>\n<p>&nbsp;<\/p>\n<p><strong>Bei einer Spende ab 50.-\u00a0 Fr&#8230;.<\/strong><\/p>\n<p>\u2026 erh\u00e4ltst Du zus\u00e4tzlich eine handgeschriebene Postkarte aus Indien.<\/p>\n<p><strong>Ab einer Spende von 100.- Fr&#8230;.<br \/>\n<\/strong><\/p>\n<p>\u2026 zus\u00e4tzlich zur handgeschriebenen Postkarte werden wir Dich in einem speziell f\u00fcr Dich angefertigtem Bild verlinken. Du fragst dich um was f\u00fcr ein Bild es sich handelt? Lass Dich von uns \u00fcberraschen.<\/p>\n<p><strong>Und ab einer Spende von 200.- Fr. kommt es noch dicker!<br \/>\n<\/strong><\/p>\n<p>\u2026zus\u00e4tzlich zur Postkarte und dem \u00dcberraschungsbild, erh\u00e4ltst Du einen Platz auf unserer Rickshaw um Dein Logo, Name, Foto zu pr\u00e4sentieren. Der Sticker wird rund 10-15 cm hoch sein und 20-30 cm lang.<\/p>\n","protected":false},"excerpt":{"rendered":"<p>Mit der Anmeldung beim Rikshaw Run haben wir uns als Team verpflichtet min. 1000\u00a3 (ca. CHF 1500.-) an eine wohlt\u00e4tige Organisation zu spenden.\u00a0 Wir werden wie von den Organisatoren des Rikshaw Runs empfohlen, unsere Spende an die NGO Cool Earth spenden. Diese Organisation setzt sich mit verschiedenen Projekten f\u00fcr den Erhalt des Regenwalds ein.\u00a0 Mehr [&hellip;]<\/p>\n","protected":false},"author":1,"featured_media":0,"parent":0,"menu_order":0,"comment_status":"closed","ping_status":"closed","template":"template-fullwidth.php","meta":[],"_links":{"self":[{"href":"https:\/\/www.wheelsofglory.ch\/index.php?rest_route=\/wp\/v2\/pages\/87"}],"collection":[{"href":"https:\/\/www.wheelsofglory.ch\/index.php?rest_route=\/wp\/v2\/pages"}],"about":[{"href":"https:\/\/www.wheelsofglory.ch\/index.php?rest_route=\/wp\/v2\/types\/page"}],"author":[{"embeddable":true,"href":"https:\/\/www.wheelsofglory.ch\/index.php?rest_route=\/wp\/v2\/users\/1"}],"replies":[{"embeddable":true,"href":"https:\/\/www.wheelsofglory.ch\/index.php?rest_route=%2Fwp%2Fv2%2Fcomments&post=87"}],"version-history":[{"count":52,"href":"https:\/\/www.wheelsofglory.ch\/index.php?rest_route=\/wp\/v2\/pages\/87\/revisions"}],"predecessor-version":[{"id":301,"href":"https:\/\/www.wheelsofglory.ch\/index.php?rest_route=\/wp\/v2\/pages\/87\/revisions\/301"}],"wp:attachment":[{"href":"https:\/\/www.wheelsofglory.ch\/index.php?rest_route=%2Fwp%2Fv2%2Fmedia&parent=87"}],"curies":[{"name":"wp","href":"https:\/\/api.w.org\/{rel}","templated":true}]}}